05998?
True
Does 17 divide 91807159?
False
Is 16 a factor of 178185680?
True
Does 9 divide 46053268?
False
Is 361690614 a multiple of 37?
True
Does 26 divide 73015874?
False
Does 185 divide 5156460836?
False
Is 372 a factor of 75240720?
True
Is 8719644 a multiple of 12?
True
Is 24 a factor of 37488816?
True
Is 333 a factor of 296394642?
True
Does 433 divide 782699947?
False
Does 113 divide 9758212?
False
Does 20 divide 4595580?
True
Is 24 a factor of 79336008?
True
Is 39396662 a multiple of 1717?
False
Is 302 a factor of 38473290?
True
Is 313725783 a multiple of 1837?
False
Is 30 a factor of 8378209?
False
Does 38 divide 2718842?
False
Is 327 a factor of 38436621?
False
Is 89053667 a multiple of 89?
True
Is 9 a factor of 903891690?
True
Does 2097 divide 220788936?
True
Is 34419226 a multiple of 964?
False
Is 129 a factor of 1251766217?
False
Does 14 divide 10375974?
True
Is 2871190093 a multiple of 29?
False
Is 667 a factor of 17071360?
False
Does 265 divide 197962155?
True
Is 127282597 a multiple of 5715?
False
Does 59 divide 26514165?
False
Is 431 a factor of 2854294?
False
Does 24 divide 7857504?
True
Is 155 a factor of 1241325405?
True
Does 14 divide 584562832?
True
Does 141 divide 21365589?
True
Does 2178 divide 41942634?
False
Does 1518 divide 81788593?
False
Does 148 divide 419410845?
False
Is 6 a factor of 6522420?
True
Is 1925 a factor of 72455469?
False
Is 6 a factor of 38152345?
False
Is 356 a factor of 117421208?
False
Does 142 divide 20153760?
False
Does 349 divide 7631438?
False
Is 27120524 a multiple of 1007?
True
Is 69852705 a multiple of 7?
False
Is 11 a factor of 60343514?
True
Is 62315394 a multiple of 13?
False
Does 63 divide 381636561?
False
Does 741 divide 189313750?
False
Is 2357168 a multiple of 19?
False
Is 8 a factor of 1288536855?
False
Is 38459756 a multiple of 5?
False
Is 91 a factor of 121614766?
True
Does 4121 divide 247506153?
False
Is 7 a factor of 296692760?
True
Is 87 a factor of 14965074?
False
Is 59950440 a multiple of 110?
True
Is 742 a factor of 609182?
True
Is 88 a factor of 158098424?
True
Is 201597676 a multiple of 406?
True
Is 178374930 a multiple of 6?
True
Does 812 divide 74951363?
False
Does 4205 divide 91461810?
False
Does 33 divide 152746143?
True
Does 394 divide 82402342?
True
Is 11 a factor of 62277127?
True
Is 236123550 a multiple of 4706?
True
Does 4216 divide 2886619312?
True
Is 8 a factor of 5582768?
True
Is 499082369 a multiple of 3075?
False
Is 15 a factor of 47984199?
False
Is 1528 a factor of 6649856?
True
Does 2 divide 1152089?
False
Is 126857085 a multiple of 22?
False
Is 6 a factor of 63138570?
True
Does 220 divide 1605010440?
True
Is 82 a factor of 214875255?
False
Does 19 divide 656042184?
True
Does 4 divide 171667798?
False
Does 60 divide 11403780?
True
Is 38 a factor of 1606800702?
True
Does 4 divide 9021002?
False
Is 26 a factor of 690711202?
False
Is 139 a factor of 578959066?
False
Is 792508192 a multiple of 224?
True
Does 1168 divide 73224616?
False
Does 826 divide 36521295?
False
Is 66 a factor of 198953231?
False
Does 8 divide 2933316680?
True
Does 840 divide 130379760?
True
Is 348178363 a multiple of 19?
True
Does 38 divide 8666447?
False
Is 123 a factor of 73285491?
True
Is 8991518 a multiple of 7?
False
Does 2 divide 3758973?
False
Is 259 a factor of 586708107?
False
Does 1107 divide 146331423?
False
Is 1820 a factor of 3173779700?
True
Is 45 a factor of 1053837822?
False
Does 6 divide 6968354?
False
Is 462052411 a multiple of 41?
True
Does 18 divide 590840522?
False
Is 1517 a factor of 45209390?
False
Is 39693595 a multiple of 3?
False
Is 8 a factor of 969974738?
False
Is 996643575 a multiple of 25?
True
Is 108057417 a multiple of 169?
True
Is 2193499308 a multiple of 39?
True
Does 9 divide 13955202?
True
Is 160 a factor of 60195103?
False
Is 4476960 a multiple of 78?
False
Is 18572416 a multiple of 4?
True
Is 9 a factor of 18741657?
False
Does 480 divide 2796889920?
True
Is 213 a factor of 339197388?
True
Is 2480598 a multiple of 202?
False
Is 58 a factor of 69537167?
False
Is 3724250 a multiple of 3?
False
Does 750 divide 77330873?
False
Is 636 a factor of 8829588?
True
Is 124841241 a multiple of 20?
False
Is 133 a factor of 12935667?
False
Is 2936726 a multiple of 13?
True
Is 48720585 a multiple of 15?
True
Is 239159228 a multiple of 118?
False
Does 28 divide 1099395059?
False
Is 20765268 a multiple of 181?
False
Does 34 divide 262593220?
True
Does 1448 divide 59069963?
False
Does 1891 divide 1491957398?
True
Does 6221 divide 225089913?
False
Does 4938 divide 28877424?
True
Is 1691 a factor of 167992395?
True
Is 795652694 a multiple of 2999?
True
Does 6 divide 1413871202?
False
Is 2211 a factor of 49767885?
False
Is 23451519 a multiple of 13?
True
Is 8 a factor of 20810068?
False
Is 224688 a multiple of 744?
True
Is 222 a factor of 4378728?
True
Is 231 a factor of 21552531?
True
Does 3453 divide 62962002?
True
Is 1112172288 a multiple of 24?
True
Does 9 divide 2604501596?
False
Is 1160481375 a multiple of 15?
True
Is 224 a factor of 17810016?
True
Is 284292215 a multiple of 4200?
False
Does 382 divide 337912698?
False
Is 2225871738 a multiple of 54?
True
Does 2232 divide 103445131?
False
Does 24 divide 83435136?
True
Is 6 a factor of 10307859?
False
Is 77474775 a multiple of 175?
True
Does 158 divide 612198669?
False
Is 19 a factor of 1103120373?
True
Does 2099 divide 332077908?
False
Is 3106412 a multiple of 2887?
True
Is 937 a factor of 772126636?
False
Is 31102828 a multiple of 71?
True
Is 1036958266 a multiple of 50?
False
Does 16 divide 1518300?
False
Is 378118564 a multiple of 9?
False
Is 1078 a factor of 36913224?
False
Is 4533 a factor of 1792271139?
True
Is 24366971 a multiple of 7?
False
Does 26 divide 3631134?
True
Is 488711160 a multiple of 2065?
True
Is 17056170 a multiple of 10?
True
Does 103 divide 21187306?
True
Is 1969469963 a multiple of 5072?
False
Does 2247 divide 537453189?
True
Is 727 a factor of 154849?
False
Is 415692744 a multiple of 154?
False
Is 245 a factor of 14976605?
True
Is 2374250783 a multiple of 42?
False
Is 658 a factor of 1917523515?
False
Is 122 a factor of 1358477075?
False
Does 3372 divide 150336541?
False
Is 12 a factor of 475152287?
False
Does 5 divide 389510?
True
Is 17 a factor of 133012525?
False
Is 422 a factor of 188795631?
False
Is 326533710 a multiple of 1416?
False
Is 837168960 a multiple of 24?
True
Does 17 divide 25878165?
True
Is 2048793426 a multiple of 12798?
True
Is 95317112 a multiple of 18?
False
Does 478 divide 1065065212?
False
Is 229880696 a multiple of 703?
False
Is 1959 a factor of 577250456?
False
Does 5 divide 50167082?
False
Does 12 divide 113311565?
False
Is 13636276 a multiple of 1659?
False
Does 145 divide 795963000?
True
Does 19 divide 1075192976?
True
Is 6253605 a multiple of 15?
True
Does 4210 divide 267760210?
True
Does 31 divide 406933621?
True
Is 1544275 a multiple of 4?
False
Is 1110595695 a multiple of 627?
True
Is 400917466 a multiple of 76?
False
Does 11 divide 38250363?
False
Is 511886941 a multiple of 2709?
False
Does 261 divide 69555717?
True
Is 22 a factor of 278815279?
False
Is 567 a factor of 2489348862?
True
Is 3419344 a multiple of 94?
True
Does 3606 divide 166959648?
False
Is 10 a factor of 16622310?
True
Does 2242 divide 440938624?
True
Is 10 a factor of 287345970?
True
Is 1039435389 a multiple of 9?
True
Does 1711 divide 2066290045?
False
Is 364 a factor of 35639195?
False
Is 4371078 a multiple of 101?
True
Is 20 a factor of 1827854?
False
Does 53 divide 48302400?
False
Does 49 divide 1054325150?
False
Is 377458937 a multiple of 13?
False
Is 64712112 a multiple of 16?
True
Is 101724859 a multiple of 8?
False
Is 5888038974 a multiple of 40?
False
Does 5 divide 8760770?
True
Does 344 divide 139723922?
False
Does 21 divide 1217510419?
False
Is 10 a factor of 99148270?
True
Is 391 a factor of 249280104?
False
Is 146 a factor of 260587224?
True
Does 3737 divide 6742471039?
True
Is 40357432 a multiple of 524?
True
Does 1225 divide 82455975?
True
Is 85739914 a multiple of 3926?
True
Is 202120628 a multiple of 4?
True
Does 1045 divide 315075860?
True
Is 30 a factor of 2179429530?
True
Does 193 divide 626883334?
False
Does 1506 divide 602046090?
True
Does 496 divide 214210000?
True
